ose 3*n - 12 = d, 0 = -n + d - q*d. Let r = n + 0. What is the remainder when 6 is divided by r?
0
Let l = 219 + -131. Let p(g) = 184*g - 1270. Calculate the remainder when l is divided by p(7).
16
Suppose 0 = a - 3*a + 84. Let y be (-7)/a - (-37)/6. Suppose 0 = -3*g - y, 120 = 2*z - 6*g + 5*g. What is the remainder when z is divided by 15?
14
Suppose 0*i - 12 = -4*i. Let w = 140 + -91. Calculate the remainder when w is divided by (18 - i/(-3)) + -2.
15
Suppose 0 = -g + 2*o - 1, -3*g + 2*o - 3*o - 3 = 0. What is the remainder when 126 is divided by (24/(-20))/(249/(-240) - g)?
30
Suppose 57*f - 61*f - 5*a = -216, 0 = -2*f - 5*a + 98. Calculate the remainder when f is divided by 5.
4
Let c = -69 + 71. Suppose -3*h = q + 3, 4*q + c*h - 6 = 2*q. Calculate the remainder when 23 is divided by q.
5
Suppose -112*q + 102*q = -10. What is the remainder when 3 is divided by q?
0
Let t(u) = -3*u - u**3 - 43 + 4*u**2 + 38 + u + 0*u. Let k be t(3). What is the remainder when 9 is divided by k + -1 + 66/11?
0
Let x = -51 - -78. Let a = x - 35. Calculate the remainder when 28 is divided by (5 + a)*10/(-3).
8
Let r = 41 - 20. Suppose 0 = -4*x + 3*v + 49, 0 = 3*x - 7*v + 3*v - 35. What is the remainder when r is divided by x?
8
Suppose -a = -5*l - 26 - 65, 2*a - 5*l - 172 = 0. What is the remainder when a is divided by (-80)/(-60) + 240/9?
25
Suppose -4*v + 9*v = 4*h - 10, -4*h = -2*v + 8. Calculate the remainder when 120 is divided by v/(-9)*99/6.
10
Let f = -305 + 316. Calculate the remainder when 32 is divided by f.
10
Let i = -27 + 30. Suppose -i*s = -4*c - s + 38, 5*s - 70 = -5*c. Calculate the remainder when c is divided by 6.
5
Let d be (-7)/42 - (-158)/12. Suppose 6*j - j - 35 = 0. Suppose -5*u + j = -d. What is the remainder when 15 is divided by u?
3
Let f(i) = i + 9. Suppose 0 = -9*d + 25 + 119. Calculate the remainder when f(d) is divided by 13.
12
Suppose 3*o - y = 4*y + 922, y - 1191 = -4*o. Let p = 512 - o. Calculate the remainder when p is divided by 36.
33
Let q = 1412 - 1373. What is the remainder when q is divided by -1 + 2 + (13 - 0)?
11
Suppose 112 = c + 4*r, 2*c + 5*r = -c + 322. What is the remainder when c is divided by 27?
23
Let k be 75/(-45) + 2/(-6). What is the remainder when 68 is divided by k/10 + 352/10?
33
Let l = -75 + 44. Let s be ((-10)/5)/(2/l). Let t = -20 + s. What is the remainder when 20 is divided by t?
9
Suppose -9*n - 444 = -13*n. What is the remainder when n is divided by 33?
12
Let b(q) = 24*q + 297. Calculate the remainder when b(-10) is divided by 31.
26
Let c(r) = -7 + 0*r**2 + r + 7*r**2 + 0*r + 3*r. Suppose 2*w + 2*d = -2*w + 56, 4*w - 52 = -4*d. What is the remainder when c(2) is divided by w?
14
Let p(z) = 3*z**3 - 2*z**2 - 9*z + 10. Let q(i) = i**3 - 4*i**2 + 3. Calculate the remainder when q(5) is divided by p(2).
4
Let j = -39 - -44. Suppose -j*p - 4*s + 71 = 0, -8*p + 3*p - 3*s + 67 = 0. What is the remainder when 37 is divided by p?
4
Suppose w - 4*n = -12, -7*w - 16 = -10*w - n. What is the remainder when 41 is divided by w?
1
Suppose 8*x - 1417 = -361. Calculate the remainder when x is divided by 17.
13
Suppose -x - 83 = -204. Calculate the remainder when x is divided by 42.
37
Let a(q) = -q**3 - q**2 + 1. Let v(f) = 7*f**3 + 18*f**2 + 3*f + 9. Let y(r) = -6*a(r) - v(r). Calculate the remainder when y(-12) is divided by 11.
10
Let k(y) = -3*y - 5. Suppose -87 = 3*n - 60. What is the remainder when k(-6) is divided by 2/(-3) - 87/n?
4
Let w = 142 - 37. Suppose 0 = -2*o + j + w, 5*o = -3*j - 76 + 344. Let c = 87 + -73. What is the remainder when o is divided by c?
11
Suppose 0 = 6*p - 2*p + 68. Let c = -15 - p. Suppose 0 = -3*y + 38 - c. Calculate the remainder when 46 is divided by y.
10
Suppose -1380 = -88*z + 73*z. Calculate the remainder when z is divided by 12.
8
Suppose -4*y + 18 - 6 = 0. Suppose 0 = -7*v + y*v + 104. Calculate the remainder when 49 is divided by v.
23
Let s(n) = 23*n**2 + 18*n - 2. What is the remainder when s(-4) is divided by 37?
35
Let c = 27 - 24. Suppose -n + c*n - 138 = 0. Calculate the remainder when n is divided by 12.
9
Let h(i) = -8*i + 6. Suppose 4*n + 2*k = -18, -4*n - 4*k + 4 = 24. Let r(a) = 3*a**3 - 2*a**2 - 2*a + 1. Calculate the remainder when h(n) is divided by r(2).
12
Let y = -146 - -165. Calculate the remainder when y is divided by 5.
4
Suppose -3*p + 50 = 4*t, 5*t = -4*p + 2*t + 55. Let x = p - -46. What is the remainder when x is divided by 19?
18
Suppose -51 = 16*b - 867. What is the remainder when 356 is divided by b?
50
Suppose -15 = 5*j, -4*j - 55 = -4*g + 33. Let f = -28 - -61. Suppose 0 = -7*l + 10*l - f. What is the remainder when g is divided by l?
8
Let y be 97/7 - 8/(-56). Let q = 11 + y. Let v = -7 - -56. What is the remainder when v is divided by q?
24
Suppose 0 = -15*k + 2*k + 52. What is the remainder when (2 - (-35 - -1))/1 is divided by 4*(10/k)/(24 + -23)?
6
Suppose -6 = 2*w - 4*w. Suppose -w*t + 252 = -3*g, -g - 339 = -4*t + 2*g. Calculate the remainder when t is divided by 18.
15
Let v = -168 + 168. What is the remainder when 101 is divided by 1 + -4 + (v - -24) + 1?
13
Suppose 16*n - 309 = 459. What is the remainder when 239 is divided by n?
47
Let g = -2409 - -2418. Suppose 3*l - 212 = -l. Calculate the remainder when l is divided by g.
8
Let x(j) = 3*j**2 + 3*j + 1. Suppose -5*h - 13 = 2. Calculate the remainder when x(h) is divided by (20/2)/((-4)/(-2)).
4
Suppose -5*v - k + 159 = -0*k, -4*v + 4*k + 132 = 0. Suppose 4*w - g - 218 + v = 0, 4*w + 4*g = 176. What is the remainder when w is divided by 12?
10
Let c = 60 - 31. Let x = 757 + -1202. What is the remainder when -4 + (-5)/(25/x) is divided by c?
27
Let q = -30 + 68. Suppose 8 = z + 5. Suppose -z*n - 23 = -5*u - 72, -23 = -n + 5*u. Calculate the remainder when q is divided by n.
12
Let h(s) = 7*s**2 + 42*s + 12. Calculate the remainder when 104 is divided by h(-6).
8
Let s(w) = 28*w - 171. What is the remainder when 749 is divided by s(7)?
24
Let x(r) = r**3 + 7*r**2 + 10*r + 22. Calculate the remainder when 86 is divided by x(-5).
20
Let k(i) = 2*i**2 + 52*i + 71. What is the remainder when k(-35) is divided by 64?
61
What is the remainder when (710/(-40))/((-3)/12) is divided by 37?
34
Suppose 36 = -x + 40. Suppose 2*h = x*h - 14. What is the remainder when 41 is divided by h?
6
Let i = 18 - 9. Suppose 0 + 2 = 2*m, -2*q + 133 = m. Suppose -5*k + 0*x + 3*x = -q, -21 = -2*k + 3*x. What is the remainder when k is divided by i?
6
Let k be (2 + -17)/5*2. Let l(o) = -16*o - 2. What is the remainder when l(-3) is divided by 165/18 + 3 - k/(-36)?
10
Suppose 5*x - 20 = 0, x = 4*n + 5*x - 980. Calculate the remainder when n is divided by 52.
33
Suppose 30 = 3*h - 2*f, -4*f + 12 = -2*h + 5*h. Suppose -6*m = -8*m + d + 44, 3*d - 88 = -5*m. What is the remainder when m is divided by h?
4
Suppose 214 = 6*t - 530. Calculate the remainder when t is divided by 32.
28
Suppose -4*t + 18 = 3*f, 0 = -t + 5*t. Calculate the remainder when 6 is divided by f/10 + (-56)/(-40).
0
Let f(q) = -3*q**2 - 89*q + 36. What is the remainder when 108 is divided by f(-30)?
0
Suppose 6 + 113 = 17*o. Suppose -f = 3*f - 160. What is the remainder when f is divided by o?
5
Let c be 100/60*(3 - 0). Suppose -c*z = -3*k - 12, z - 10 = -4*k - 3. What is the remainder when z is divided by 2?
1
Let c be 160/(3*(10/(-6) - -2)). Suppose -243 = 157*t - c*t. What is the remainder when t is divided by 28?
25
Let y(a) = -a**3 + 7*a**2 - 5*a + 24. Calculate the remainder when 46 is divided by y(6).
16
Suppose 7612 = 31*i - 9*i. What is the remainder when i is divided by 50?
46
Suppose -12 = 3*l, -3*f - 384 = -5*l - 71. Let t = -6 - f. What is the remainder when t is divided by 27?
24
Let i(n) = n**2 - 10*n + 32. Let x be i(10). Suppose 0 = -11*s + 7*s + x. Calculate the remainder when 12 is divided by s.
4
Let j(l) = -l**3 + 26*l**2 - 23*l + 62. What is the remainder when j(25) is divided by 31?
19
Let r(m) = 22*m - 11. Let g be r(12). Suppose 3*y - 323 = -5*b, 4*y - y = 4*b - g. What is the remainder when b is divided by 17?
13
Let z(w) = -w**2 - w + 168. Calculate the remainder when 175 is divided by z(11).
31
Let l(t) = -2*t + 1 - 4 + 4. Let z be l(-2). Calculate the remainder when 2*19 + (z - 5) is divided by 20.
18
Let 